 is w(-9)?
-32
Let p(y) = y**3 + y**2 - 3*y - 3. What is p(2)?
3
Let a(b) = 3*b**3 + 2*b**2 + 3*b + 3. Calculate a(-2).
-19
Let a(z) = -7*z**2 - 2*z + 2. Calculate a(2).
-30
Let m(y) = -y**3 - 13*y**2 - 9*y + 28. What is m(-12)?
-8
Let l(c) = 2*c**2 + 10*c - 5. Determine l(-6).
7
Let y(i) = i**3 - 6*i**2 - 2*i - 6. Calculate y(4).
-46
Let d(c) = -c**2 + 7*c - 6. Give d(5).
4
Let c(u) = -u**3 + 4*u**2 + 4*u - 27. What is c(3)?
-6
Let g(z) = -z**2 + 16*z + 4. Determine g(16).
4
Let g(v) = -6*v. Determine g(2).
-12
Let r(u) = -u**3 - 4*u**2 - u + 5. Determine r(-4).
9
Let u(x) = -4*x**2 - 62*x + 37. What is u(-16)?
5
Let a(d) = -5*d + 15. Give a(5).
-10
Let m(i) = i**3 - 5*i**2 + 8*i - 2. Give m(3).
4
Let t(p) = 3*p**2 - 2*p + 4. Determine t(2).
12
Let o(f) = -f**3 + 14*f. Give o(-4).
8
Let b(k) = -29*k - 27. Give b(-7).
176
Let f(v) = -6*v**3 + v - 1. Determine f(1).
-6
Let n(i) = i - 11. What is n(0)?
-11
Let o(i) = 6*i**3 + i**2 + 7*i + 1. Give o(-2).
-57
Let f(t) = -t**3 + t**2 - t + 7. Determine f(0).
7
Let b(k) = 9*k + 5. What is b(-5)?
-40
Let i(q) = -4*q**2 - 4*q - 3. Determine i(-3).
-27
Let h(c) = -2*c - 18. Give h(-11).
4
Let q(v) = -2*v**2 + 17*v + 6. Calculate q(13).
-111
Let u(s) = -s**3 + 9*s**2 + 10*s - 8. Calculate u(10).
-8
Let y(p) = p**3 + 6*p**2 - 5*p - 2. Determine y(-6).
28
Let b(t) = -3*t + 50. Calculate b(6).
32
Let q(z) = z**3 + 2*z**2 - 12*z - 11. Calculate q(-4).
5
Let d(k) = -2*k**3 - 34*k**2 - k - 25. Give d(-17).
-8
Let o(l) = 2*l**3 + 9*l**2 - 38*l - 19. What is o(-7)?
2
Let z(t) = -t**3 - t + 4. Calculate z(0).
4
Let a(g) = g**3 - 9*g**2 - 6*g + 78. What is a(9)?
24
Let d(n) = 7*n + 3. Give d(4).
31
Let o(r) = -2*r**3 + 4*r**2 + 55*r - 11. What is o(-5)?
64
Let h(v) = -v**3 - 8*v**2 + 4*v + 28. Give h(-8).
-4
Let k(t) = 8*t. What is k(-1)?
-8
Let c(v) = 15*v + 138. Determine c(-11).
-27
Let s(x) = -x + 14. Give s(16).
-2
Let v(z) = -z - 11. Determine v(-12).
1
Let g(v) = -v**3 + 12*v**2 - 24*v - 9. Determine g(9).
18
Let l(f) = -f**2 + 9*f - 7. Calculate l(7).
7
Let i(q) = 35*q - 1. What is i(-1)?
-36
Let j(k) = 171*k + 1197. Calculate j(-7).
0
Let p(b) = 5*b. Calculate p(3).
15
Let q(n) = n + 15. Give q(16).
31
Let q(a) = -a**3 + 2*a**2 + a - 3. Give q(3).
-9
Let t(b) = -b**2 + 1. What is t(-4)?
-15
Let g(x) = -14*x + 141. What is g(11)?
-13
Let x(h) = -h**3 + 14*h**2 - 15*h - 7. What is x(13)?
-33
Let b(j) = -9*j - 41. Determine b(-8).
31
Let n(c) = -3*c + 41. Determine n(16).
-7
Let a(o) = 2*o**3 - 4*o**2 - o. What is a(0)?
0
Let h(w) = -w**2 - 34*w - 29. Calculate h(-34).
-29
Let j(y) = -y**3 - 27*y**2 + 56*y - 52. Calculate j(-29).
6
Let h(w) = -2*w + 98. Give h(19).
60
Let s(i) = 37*i - 26. What is s(1)?
11
Let t(s) = 2*s - 44. What is t(-15)?
-74
Let f(g) = 2*g**2 - 20*g - 1. Give f(10).
-1
Let g(p) = 10*p - 75. Calculate g(7).
-5
Let i(p) = -p**2 - 2*p + 11. Give i(-3).
8
Let z(f) = f - 2. What is z(-11)?
-13
Let a(l) = l + 40. What is a(29)?
69
Let c(r) = 76*r**2 + r - 1. Give c(1).
76
Let a(x) = 11*x + 50. Calculate a(-4).
6
Let n(f) = 10*f**3 - f + 1. Calculate n(1).
10
Let n(x) = 3*x - 38. Give n(13).
1
Let s(y) = y**3 + y**2 - 2. Calculate s(0).
-2
Let a(b) = 3*b + 48. Determine a(9).
75
Let n(t) = 2*t**2 - 6*t. Calculate n(4).
8
Let g(l) = 6*l - 13. Calculate g(-1).
-19
Let m(o) = o**3 - 7*o**2 + 5*o + 14. Determine m(6).
8
Let b(i) = 2*i**2 - 9*i - 11. Determine b(8).
45
Let u(z) = -z**2 + 7*z + 26. Give u(10).
-4
Let f(n) = n - 2. What is f(-2)?
-4
Let n(x) = -x**3 - 5*x**2 + 8*x + 3. What is n(-6)?
-9
Let k(z) = z**3 - 3*z**2 - z - 10. Give k(4).
2
Let h(l) = -2*l**2 + 11*l - 9. Give h(6).
-15
Let v(j) = j + 8. Calculate v(4).
12
Let d(b) = b**3 + 3*b**2 + 5*b + 2. Give d(-3).
-13
Let w(y) = -y**3 + 13*y**2 + 3*y - 46. Determine w(13).
-7
Let l(g) = -4*g + 47. Give l(12).
-1
Let u(g) = 9*g + 2. Determine u(-3).
-25
Let q(b) = b**2 + b + 1. What is q(2)?
7
Let s(o) = 4*o + 67. Give s(-23).
-25
Let i(p) = 4*p + 7. Give i(13).
59
Let p(v) = 19*v**2 - 4*v + 5. Determine p(1).
20
Let z(v) = -v**2 + v - 2. Calculate z(6).
-32
Let a(p) = -p**3 + 10*p**2 + p + 8. Calculate a(10).
18
Let d(o) = o**3 + 10*o**2 + 13*o + 4. Calculate d(-5).
64
Let v(j) = -j**3 + j**2 + 10. Give v(0).
10
Let t(n) = n**3 - 12*n**2 + 26*n - 62. What is t(10)?
-2
Let w(n) = -n**3 + 7*n**2 + 7*n + 11. What is w(8)?
3
Let q(j) = j**2 - 14*j + 8. Give q(5).
-37
Let c(r) = -r**3 - 10*r**2 + 3*r + 16. Give c(-10).
-14
Let a(z) = 19*z**2 - 50*z - 2. Determine a(3).
19
Let v(i) = i**2 - 37*i + 95. What is v(33)?
-37
Let l(k) = 42*k**2 + k - 2. Determine l(1).
41
Let r(s) = -s**2 + 4*s - 1. Calculate r(7).
-22
Let y(j) = -j**3 + 11*j**2 + 14*j + 22. Determine y(12).
46
Let v(u) = -10*u + 45. What is v(3)?
15
Let i(q) = 2*q**2 + 56*q + 48. What is i(-27)?
-6
Let s(y) = y**2 - 8*y + 6. Calculate s(7).
-1
Let a(i) = -i**3 - 9*i**2 - 19*i - 38. Determine a(-7).
-3
Let t(p) = 70*p - 1684. Calculate t(24).
-4
Let c(s) = -2*s + 16. Calculate c(8).
0
Let i(p) = -3*p**2 - 14*p + 1. What is i(-6)?
-23
Let v(b) = -2*b - 2. Calculate v(5).
-12
Let x(v) = -v**2 + 10*v - 5. Calculate x(9).
4
Let s(p) = -p - 5. Determine s(-8).
3
Let r(s) = -4*s + 40. Determine r(9).
4
Let r(j) = 6*j + 4. What is r(-2)?
-8
Let s(w) = 2*w**2 - 11*w + 32. What is s(5)?
27
Let w(c) = -c**3 - 10*c**2 - 3*c + 5. Determine w(-10).
35
Let l(a) = 2*a**2 + 30*a - 76. Determine l(-17).
-8
Let j(n) = n**2 + 3*n - 51. Determine j(0).
-51
Let d(a) = 2*a - 1. Determine d(2).
3
Let s(q) = 6*q + 102. What is s(-20)?
-18
Let s(p) = -p**3 - 9*p**2 + 9*p - 6. Give s(-9).
-87
Let l(q) = q**3 + 8*q**2 + 10*q + 9. What is l(-7)?
-12
Let j(r) = 7*r**2. What is j(-1)?
7
Let i(x) = -x. What is i(7)?
-7
Let c(g) = -g**3 - 27*g**2 + 123*g - 65. Determine c(-31).
-34
Let k(g) = -g**3 + 12*g**2 + 12*g - 18. Determine k(13).
-31
Let t(g) = 6*g + 5. Give t(7).
47
Let b(l) = 2*l**2 - 39*l + 157. Give b(14).
3
Let o(u) = -11*u + 5. Calculate o(3).
-28
Let p(g) = -g**2 - 5*g - 10. Give p(-6).
-16
Let i(a) = -3*a + 65. What is i(18)?
11
Let g(v) = 3*v + 9. What is g(6)?
27
Let l(g) = g**3 - 17*g**2 - 17*g - 20. Determine l(18).
-2
Let c(u) = -u**2 + 5. Determine c(-3).
-4
Let z(v) = -5*v**2 + 4*v + 12. Calculate z(-2).
-16
Let u(l) = -2*l - 3. Give u(-3).
3
Let t(v) = 3*v**2 + 2*v - 1. What is t(3)?
32
Let v(a) = -14*a - 5. What is v(7)?
-103
Let b(d) = 4*d**2 + 13*d - 6. Give b(-4).
6
Let q(j) = -j**2 + j - 9. Give q(4).
-21
Let n(d) = 22*d - 45. Give n(6).
87
Let n(r) = 3*r**2 + 37*r - 2. Determine n(-12).
-14
Let w(d) = -4*d**2 + 5*d + 2. Calculate w(4).
-42
Let k(w) = -w**3 + 28*w**2 + 62*w - 44. Calculate k(30).
16
Let r(k) = -k**2 - 6*k - 12. Determine r(-4).
-4
Let r(l) = 8*l + 68. Calculate r(-8).
4
Let f(h) = h**3 - 40*h**2 + 143*h + 39. What is f(36)?
3
Let k(s) = -63*s - 61. Give k(-1).
2
Let x(c) = -c**2 + 3*c. Calculate x(6).
-18
Let i(x) = -2*x**2 + 5*x + 10. Determine i(-5).
-65
Let i(l) = l**2 + 3*l + 7. Determine i(-6).
25
Let g(l) = -35*l + 49. Calculate g(1).
14
Let m(q) = -q**3 + 4*q**2 + q - 4. What is m(4)?
0
Let f(z) = -z**2 + 17*z - 17. Give f(15).
13
Let g(n) = -n**2 + n. Give g(6).
-30
Let w(r) = r**2 + 15*r + 19. Determine w(-13).
-7
Let v(h) = -4*h + 4. Determine v(-4).
20
Let f(t) = -t**3 + 10*t**2 + 7. What is f(10)?
7
Let s(f) = 3*f**2 + 9*f + 6. Give s(-5).
36
Let w(v) = v**3 - v**2 + 2*v + 4. Give w(0).
4
Let n(m) = -m**3 - 13*m**2 - 36*m + 5. What is n(-9)?
5
Let b(n) = -8*n + 11. What is b(13)?
-93
Let l(y) = 7*y. Give l(-6).
-42
Let z(k) = 2*k**2 - 3*k + 15. Determine z(-6).
105
Let n(h) = 5*h - 57. Determine n(12).
3
Let m(s) = s**2 + 14*s - 26. Determine m(-16).
6
Let t(m) = -6*m - 104. What is t(-16)?
-8
Let q(a) = 9*a**2 + 26*a - 2. What is q(-3)?
1
Let z(t) = -2*t**3 + 4*t**2 - 3*t. Determine z(2).
-6
Let a(i) = i**3 - 4*i**2. Give a(2).
-8
Let h(t) = 10*t + 120. Calculate h(-9).
30
Let f(p) = p**2 + p - 8. Calculate f(6).
34
Let l(u) = 49*u - 337. What is l(7)?
6
Let f(l) = l**2 + 2*l - 4. Determine f(-3).
-1
Let k(l) = -l**2 - 12*l - 13. Calculate k(-9).
14
Let c(l) = 2*l - 1. Calculate c(1).
1
Let z(d) = d**3 + 7*d**2 - 2*d - 7. What is z(-3)?
35
Let a(h) = 8*h**2 - h - 2. Calculate a(2).
28
Let r(x) = x**3 - x**2 - 7*x. What is r(0)?
0
Let d(t) = -9*t**2